{"id":16150,"date":"2022-02-15T01:31:41","date_gmt":"2022-02-15T07:31:41","guid":{"rendered":"https:\/\/equipomedicomexico-com.preview-domain.com\/?post_type=product&#038;p=16150"},"modified":"2022-02-15T01:31:41","modified_gmt":"2022-02-15T07:31:41","slug":"cama-electrica-de-3-posiciones","status":"publish","type":"product","link":"https:\/\/buscoequipomedico.com\/?product=cama-electrica-de-3-posiciones","title":{"rendered":"Cama El\u00e9ctrica de 3 Posiciones Marca Inmed CE3PS"},"content":{"rendered":"<h2>Cama El\u00e9ctrica de 3 Posiciones Marca Inmed CE3PS<\/h2>\n<ul>\n<li><span class=\"JsGRdQ\">Estructura de acero robustecida para mayor seguridad de carga.<\/span><\/li>\n<li><span class=\"JsGRdQ\">4 secciones en la base de la cama.<\/span><\/li>\n<li><span class=\"JsGRdQ\">Altura ajustable 45-70cm.<\/span><\/li>\n<li><span class=\"JsGRdQ\">3 motores.<\/span><\/li>\n<li><span class=\"JsGRdQ\">Cabecera y pieceras ABS.<\/span><\/li>\n<li><span class=\"JsGRdQ\">Barandales laterales en aleaci\u00f3n<\/span>\u00a0<span class=\"JsGRdQ\">de aluminio.<\/span><\/li>\n<li><span class=\"JsGRdQ\">Incluye porta suero.<\/span><\/li>\n<li><span class=\"JsGRdQ\">4 ruedas de f\u00e1cil limpiado.<\/span><\/li>\n<li><span class=\"JsGRdQ\">Ajuste de respaldo: 0-75 grados.<\/span><\/li>\n<li><span class=\"JsGRdQ\">Ajuste de rodillas: 0-45 grados.<\/span><\/li>\n<li><span class=\"JsGRdQ\">Control al\u00e1mbrico.<\/span><\/li>\n<li><span class=\"JsGRdQ\">Carga m\u00e1xima segura 250kg.<\/span><\/li>\n<\/ul>\n","protected":false},"excerpt":{"rendered":"<p>Equipo Medico M\u00e8xico presenta Cama 3 posiciones el\u00e9ctrica hospitalaria Marca. Inmed<\/p>\n","protected":false},"featured_media":16151,"template":"","meta":{"_joinchat":[]},"product_brand":[],"product_cat":[197],"product_tag":[404],"class_list":{"0":"post-16150","1":"product","2":"type-product","3":"status-publish","4":"has-post-thumbnail","6":"product_cat-camas-electricas","7":"product_tag-recuperacion","8":"pa_marca-inmed","10":"first","11":"instock","12":"featured","13":"shipping-taxable","14":"product-type-simple"},"yoast_head":"<!-- This site is optimized with the Yoast SEO plugin v25.1 - https:\/\/yoast.com\/wordpress\/plugins\/seo\/ -->\n<title>Cama El\u00e9ctrica de 3 Posiciones Marca Inmed CE3PS - Tu mejor opci\u00f3n Equipo M\u00e9dico M\u00e9xico<\/title>\n<meta name=\"robots\" content=\"index, follow, max-snippet:-1, max-image-preview:large, max-video-preview:-1\" \/>\n<link rel=\"canonical\" href=\"https:\/\/buscoequipomedico.com\/?product=cama-electrica-de-3-posiciones\" \/>\n<meta property=\"og:locale\" content=\"es_ES\" \/>\n<meta property=\"og:type\" content=\"article\" \/>\n<meta property=\"og:title\" content=\"Cama El\u00e9ctrica de 3 Posiciones Marca Inmed CE3PS - Tu mejor opci\u00f3n Equipo M\u00e9dico M\u00e9xico\" \/>\n<meta property=\"og:description\" content=\"Equipo Medico M\u00e8xico presenta Cama 3 posiciones el\u00e9ctrica hospitalaria Marca. Inmed\" \/>\n<meta property=\"og:url\" content=\"https:\/\/buscoequipomedico.com\/?product=cama-electrica-de-3-posiciones\" \/>\n<meta property=\"og:site_name\" content=\"Tu mejor opci\u00f3n Equipo M\u00e9dico M\u00e9xico\" \/>\n<meta property=\"og:image\" content=\"https:\/\/buscoequipomedico.com\/wp-content\/uploads\/2022\/02\/CAMA-ELECTRICA-CE3PS.png\" \/>\n\t<meta property=\"og:image:width\" content=\"912\" \/>\n\t<meta property=\"og:image:height\" content=\"844\" \/>\n\t<meta property=\"og:image:type\" content=\"image\/png\" \/>\n<meta name=\"twitter:card\" content=\"summary_large_image\" \/>\n<script type=\"application\/ld+json\" class=\"yoast-schema-graph\">{\"@context\":\"https:\/\/schema.org\",\"@graph\":[{\"@type\":\"WebPage\",\"@id\":\"https:\/\/buscoequipomedico.com\/?product=cama-electrica-de-3-posiciones\",\"url\":\"https:\/\/buscoequipomedico.com\/?product=cama-electrica-de-3-posiciones\",\"name\":\"Cama El\u00e9ctrica de 3 Posiciones Marca Inmed CE3PS - Tu mejor opci\u00f3n Equipo M\u00e9dico M\u00e9xico\",\"isPartOf\":{\"@id\":\"https:\/\/buscoequipomedico.com\/#website\"},\"primaryImageOfPage\":{\"@id\":\"https:\/\/buscoequipomedico.com\/?product=cama-electrica-de-3-posiciones#primaryimage\"},\"image\":{\"@id\":\"https:\/\/buscoequipomedico.com\/?product=cama-electrica-de-3-posiciones#primaryimage\"},\"thumbnailUrl\":\"https:\/\/buscoequipomedico.com\/wp-content\/uploads\/2022\/02\/CAMA-ELECTRICA-CE3PS.png\",\"datePublished\":\"2022-02-15T07:31:41+00:00\",\"breadcrumb\":{\"@id\":\"https:\/\/buscoequipomedico.com\/?product=cama-electrica-de-3-posiciones#breadcrumb\"},\"inLanguage\":\"es\",\"potentialAction\":[{\"@type\":\"ReadAction\",\"target\":[\"https:\/\/buscoequipomedico.com\/?product=cama-electrica-de-3-posiciones\"]}]},{\"@type\":\"ImageObject\",\"inLanguage\":\"es\",\"@id\":\"https:\/\/buscoequipomedico.com\/?product=cama-electrica-de-3-posiciones#primaryimage\",\"url\":\"https:\/\/buscoequipomedico.com\/wp-content\/uploads\/2022\/02\/CAMA-ELECTRICA-CE3PS.png\",\"contentUrl\":\"https:\/\/buscoequipomedico.com\/wp-content\/uploads\/2022\/02\/CAMA-ELECTRICA-CE3PS.png\",\"width\":912,\"height\":844,\"caption\":\"Cama El\u00e8ctrica De 3 Posiciones Inmed CE3PS\"},{\"@type\":\"BreadcrumbList\",\"@id\":\"https:\/\/buscoequipomedico.com\/?product=cama-electrica-de-3-posiciones#breadcrumb\",\"itemListElement\":[{\"@type\":\"ListItem\",\"position\":1,\"name\":\"Productos\",\"item\":\"https:\/\/buscoequipomedico.com\/shop\/\"},{\"@type\":\"ListItem\",\"position\":2,\"name\":\"Cama El\u00e9ctrica de 3 Posiciones Marca Inmed CE3PS\"}]},{\"@type\":\"WebSite\",\"@id\":\"https:\/\/buscoequipomedico.com\/#website\",\"url\":\"https:\/\/buscoequipomedico.com\/\",\"name\":\"Tu mejor opci\u00f3n Equipo M\u00e9dico M\u00e9xico\",\"description\":\"Tienda de equipo m\u00e9dico\",\"publisher\":{\"@id\":\"https:\/\/buscoequipomedico.com\/#organization\"},\"potentialAction\":[{\"@type\":\"SearchAction\",\"target\":{\"@type\":\"EntryPoint\",\"urlTemplate\":\"https:\/\/buscoequipomedico.com\/?s={search_term_string}\"},\"query-input\":{\"@type\":\"PropertyValueSpecification\",\"valueRequired\":true,\"valueName\":\"search_term_string\"}}],\"inLanguage\":\"es\"},{\"@type\":\"Organization\",\"@id\":\"https:\/\/buscoequipomedico.com\/#organization\",\"name\":\"Tu mejor opci\u00f3n Equipo M\u00e9dico M\u00e9xico\",\"url\":\"https:\/\/buscoequipomedico.com\/\",\"logo\":{\"@type\":\"ImageObject\",\"inLanguage\":\"es\",\"@id\":\"https:\/\/buscoequipomedico.com\/#\/schema\/logo\/image\/\",\"url\":\"https:\/\/buscoequipomedico.com\/wp-content\/uploads\/2021\/07\/EMM-VPrincipal-scaled.jpg\",\"contentUrl\":\"https:\/\/buscoequipomedico.com\/wp-content\/uploads\/2021\/07\/EMM-VPrincipal-scaled.jpg\",\"width\":2560,\"height\":1058,\"caption\":\"Tu mejor opci\u00f3n Equipo M\u00e9dico M\u00e9xico\"},\"image\":{\"@id\":\"https:\/\/buscoequipomedico.com\/#\/schema\/logo\/image\/\"}}]}<\/script>\n<!-- \/ Yoast SEO plugin. -->","yoast_head_json":{"title":"Cama El\u00e9ctrica de 3 Posiciones Marca Inmed CE3PS - Tu mejor opci\u00f3n Equipo M\u00e9dico M\u00e9xico","robots":{"index":"index","follow":"follow","max-snippet":"max-snippet:-1","max-image-preview":"max-image-preview:large","max-video-preview":"max-video-preview:-1"},"canonical":"https:\/\/buscoequipomedico.com\/?product=cama-electrica-de-3-posiciones","og_locale":"es_ES","og_type":"article","og_title":"Cama El\u00e9ctrica de 3 Posiciones Marca Inmed CE3PS - Tu mejor opci\u00f3n Equipo M\u00e9dico M\u00e9xico","og_description":"Equipo Medico M\u00e8xico presenta Cama 3 posiciones el\u00e9ctrica hospitalaria Marca. Inmed","og_url":"https:\/\/buscoequipomedico.com\/?product=cama-electrica-de-3-posiciones","og_site_name":"Tu mejor opci\u00f3n Equipo M\u00e9dico M\u00e9xico","og_image":[{"width":912,"height":844,"url":"https:\/\/buscoequipomedico.com\/wp-content\/uploads\/2022\/02\/CAMA-ELECTRICA-CE3PS.png","type":"image\/png"}],"twitter_card":"summary_large_image","schema":{"@context":"https:\/\/schema.org","@graph":[{"@type":"WebPage","@id":"https:\/\/buscoequipomedico.com\/?product=cama-electrica-de-3-posiciones","url":"https:\/\/buscoequipomedico.com\/?product=cama-electrica-de-3-posiciones","name":"Cama El\u00e9ctrica de 3 Posiciones Marca Inmed CE3PS - Tu mejor opci\u00f3n Equipo M\u00e9dico M\u00e9xico","isPartOf":{"@id":"https:\/\/buscoequipomedico.com\/#website"},"primaryImageOfPage":{"@id":"https:\/\/buscoequipomedico.com\/?product=cama-electrica-de-3-posiciones#primaryimage"},"image":{"@id":"https:\/\/buscoequipomedico.com\/?product=cama-electrica-de-3-posiciones#primaryimage"},"thumbnailUrl":"https:\/\/buscoequipomedico.com\/wp-content\/uploads\/2022\/02\/CAMA-ELECTRICA-CE3PS.png","datePublished":"2022-02-15T07:31:41+00:00","breadcrumb":{"@id":"https:\/\/buscoequipomedico.com\/?product=cama-electrica-de-3-posiciones#breadcrumb"},"inLanguage":"es","potentialAction":[{"@type":"ReadAction","target":["https:\/\/buscoequipomedico.com\/?product=cama-electrica-de-3-posiciones"]}]},{"@type":"ImageObject","inLanguage":"es","@id":"https:\/\/buscoequipomedico.com\/?product=cama-electrica-de-3-posiciones#primaryimage","url":"https:\/\/buscoequipomedico.com\/wp-content\/uploads\/2022\/02\/CAMA-ELECTRICA-CE3PS.png","contentUrl":"https:\/\/buscoequipomedico.com\/wp-content\/uploads\/2022\/02\/CAMA-ELECTRICA-CE3PS.png","width":912,"height":844,"caption":"Cama El\u00e8ctrica De 3 Posiciones Inmed CE3PS"},{"@type":"BreadcrumbList","@id":"https:\/\/buscoequipomedico.com\/?product=cama-electrica-de-3-posiciones#breadcrumb","itemListElement":[{"@type":"ListItem","position":1,"name":"Productos","item":"https:\/\/buscoequipomedico.com\/shop\/"},{"@type":"ListItem","position":2,"name":"Cama El\u00e9ctrica de 3 Posiciones Marca Inmed CE3PS"}]},{"@type":"WebSite","@id":"https:\/\/buscoequipomedico.com\/#website","url":"https:\/\/buscoequipomedico.com\/","name":"Tu mejor opci\u00f3n Equipo M\u00e9dico M\u00e9xico","description":"Tienda de equipo m\u00e9dico","publisher":{"@id":"https:\/\/buscoequipomedico.com\/#organization"},"potentialAction":[{"@type":"SearchAction","target":{"@type":"EntryPoint","urlTemplate":"https:\/\/buscoequipomedico.com\/?s={search_term_string}"},"query-input":{"@type":"PropertyValueSpecification","valueRequired":true,"valueName":"search_term_string"}}],"inLanguage":"es"},{"@type":"Organization","@id":"https:\/\/buscoequipomedico.com\/#organization","name":"Tu mejor opci\u00f3n Equipo M\u00e9dico M\u00e9xico","url":"https:\/\/buscoequipomedico.com\/","logo":{"@type":"ImageObject","inLanguage":"es","@id":"https:\/\/buscoequipomedico.com\/#\/schema\/logo\/image\/","url":"https:\/\/buscoequipomedico.com\/wp-content\/uploads\/2021\/07\/EMM-VPrincipal-scaled.jpg","contentUrl":"https:\/\/buscoequipomedico.com\/wp-content\/uploads\/2021\/07\/EMM-VPrincipal-scaled.jpg","width":2560,"height":1058,"caption":"Tu mejor opci\u00f3n Equipo M\u00e9dico M\u00e9xico"},"image":{"@id":"https:\/\/buscoequipomedico.com\/#\/schema\/logo\/image\/"}}]}},"_links":{"self":[{"href":"https:\/\/buscoequipomedico.com\/index.php?rest_route=\/wp\/v2\/product\/16150","targetHints":{"allow":["GET"]}}],"collection":[{"href":"https:\/\/buscoequipomedico.com\/index.php?rest_route=\/wp\/v2\/product"}],"about":[{"href":"https:\/\/buscoequipomedico.com\/index.php?rest_route=\/wp\/v2\/types\/product"}],"wp:featuredmedia":[{"embeddable":true,"href":"https:\/\/buscoequipomedico.com\/index.php?rest_route=\/wp\/v2\/media\/16151"}],"wp:attachment":[{"href":"https:\/\/buscoequipomedico.com\/index.php?rest_route=%2Fwp%2Fv2%2Fmedia&parent=16150"}],"wp:term":[{"taxonomy":"product_brand","embeddable":true,"href":"https:\/\/buscoequipomedico.com\/index.php?rest_route=%2Fwp%2Fv2%2Fproduct_brand&post=16150"},{"taxonomy":"product_cat","embeddable":true,"href":"https:\/\/buscoequipomedico.com\/index.php?rest_route=%2Fwp%2Fv2%2Fproduct_cat&post=16150"},{"taxonomy":"product_tag","embeddable":true,"href":"https:\/\/buscoequipomedico.com\/index.php?rest_route=%2Fwp%2Fv2%2Fproduct_tag&post=16150"}],"curies":[{"name":"wp","href":"https:\/\/api.w.org\/{rel}","templated":true}]}}